{"id":5863,"date":"2026-07-17T14:17:22","date_gmt":"2026-07-17T12:17:22","guid":{"rendered":"https:\/\/www.cevena.fr\/?page_id=5863"},"modified":"2026-07-29T14:56:25","modified_gmt":"2026-07-29T12:56:25","slug":"5863-2","status":"publish","type":"page","link":"https:\/\/www.cevena.fr\/index.php\/5863-2\/","title":{"rendered":"Nos offres de services"},"content":{"rendered":"<p>[et_pb_section fb_built=\u00a0\u00bb1&Prime; _builder_version=\u00a0\u00bb4.27.7&Prime; _module_preset=\u00a0\u00bbdefault\u00a0\u00bb background_image=\u00a0\u00bbhttps:\/\/www.cevena.fr\/wp-content\/uploads\/2026\/07\/Nos-offres-de-services.png\u00a0\u00bb custom_margin=\u00a0\u00bb||0px||false|false\u00a0\u00bb custom_padding=\u00a0\u00bb5px||||false|false\u00a0\u00bb hover_enabled=\u00a0\u00bb0&Prime; global_colors_info=\u00a0\u00bb{}\u00a0\u00bb min_height=\u00a0\u00bb402px\u00a0\u00bb sticky_enabled=\u00a0\u00bb0&Prime;][et_pb_row _builder_version=\u00a0\u00bb4.27.7&Prime; _module_preset=\u00a0\u00bbdefault\u00a0\u00bb min_height=\u00a0\u00bb36.2px\u00a0\u00bb custom_margin=\u00a0\u00bb115px|auto|0px|auto|false|false\u00a0\u00bb custom_padding=\u00a0\u00bb0px|||||\u00a0\u00bb hover_enabled=\u00a0\u00bb0&Prime; global_colors_info=\u00a0\u00bb{}\u00a0\u00bb sticky_enabled=\u00a0\u00bb0&Prime;][et_pb_column type=\u00a0\u00bb4_4&Prime; _builder_version=\u00a0\u00bb4.25.1&Prime; _module_preset=\u00a0\u00bbdefault\u00a0\u00bb global_colors_info=\u00a0\u00bb{}\u00a0\u00bb][et_pb_heading _builder_version=\u00a0\u00bb4.27.7&Prime; _module_preset=\u00a0\u00bbd89200ae-11a2-4156-9e04-2617e0c4e61e\u00a0\u00bb title_text_align=\u00a0\u00bbcenter\u00a0\u00bb title_text_color=\u00a0\u00bb#474747&Prime; title_font_size=\u00a0\u00bb51px\u00a0\u00bb title_letter_spacing=\u00a0\u00bb7px\u00a0\u00bb background_color=\u00a0\u00bbrgba(255,255,255,0.73)\u00a0\u00bb max_width=\u00a0\u00bb59%\u00a0\u00bb custom_margin=\u00a0\u00bb||10px||false|false\u00a0\u00bb global_colors_info=\u00a0\u00bb{}\u00a0\u00bb][\/et_pb_heading][et_pb_text _builder_version=\u00a0\u00bb4.27.7&Prime; _module_preset=\u00a0\u00bbdefault\u00a0\u00bb text_font=\u00a0\u00bbUrbanist|600|||||||\u00a0\u00bb text_font_size=\u00a0\u00bb36px\u00a0\u00bb text_letter_spacing=\u00a0\u00bb6px\u00a0\u00bb text_line_height=\u00a0\u00bb1.3em\u00a0\u00bb background_color=\u00a0\u00bbrgba(255,255,255,0.76)\u00a0\u00bb text_orientation=\u00a0\u00bbcenter\u00a0\u00bb max_width=\u00a0\u00bb100%\u00a0\u00bb module_alignment=\u00a0\u00bbcenter\u00a0\u00bb hover_enabled=\u00a0\u00bb0&Prime; global_colors_info=\u00a0\u00bb{}\u00a0\u00bb custom_margin=\u00a0\u00bb0px||||false|false\u00a0\u00bb custom_padding=\u00a0\u00bb4px||6px||false|false\u00a0\u00bb sticky_enabled=\u00a0\u00bb0&Prime;]<\/p>\n<p>Nos offres de services<\/p>\n<p>[\/et_pb_text][\/et_pb_column][\/et_pb_row][\/et_pb_section][et_pb_section fb_built=\u00a0\u00bb1&Prime; admin_label=\u00a0\u00bbHeader\u00a0\u00bb _builder_version=\u00a0\u00bb4.27.7&Prime; _module_preset=\u00a0\u00bba3d005bd-e6dc-4dfc-8ce2-069719a5eaee\u00a0\u00bb background_color=\u00a0\u00bb#88C4DD\u00a0\u00bb background_color_gradient_stops=\u00a0\u00bbgcid-d119accd-44d7-4f2f-b9d7-599c8463324b 0%|rgba(255,255,255,0) 84%|rgba(7,33,48,0.6) 100%|#072130 100%\u00a0\u00bb background_image=\u00a0\u00bbhttps:\/\/www.cevena.fr\/wp-content\/uploads\/2026\/07\/non-profit-03.jpg\u00a0\u00bb min_height=\u00a0\u00bb716.5px\u00a0\u00bb collapsed=\u00a0\u00bbon\u00a0\u00bb global_colors_info=\u00a0\u00bb{%22gcid-1f1bf5fb-a99d-4acc-8d9e-ddac074c158c%22:%91%22background_color_gradient_stops%22,%22background_color_gradient_stops%22%93,%22gcid-4c79ba3d-a281-4fb6-9b14-02f9a4c793f2%22:%91%22background_color_gradient_stops%22,%22background_color_gradient_stops%22%93,%22gcid-688c464a-d6f2-4296-b592-395352c71c79%22:%91%22background_color_gradient_stops%22,%22background_color_gradient_stops%22%93,%22gcid-d119accd-44d7-4f2f-b9d7-599c8463324b%22:%91%22background_color_gradient_stops%22,%22background_color_gradient_stops%22%93}\u00a0\u00bb][et_pb_row column_structure=\u00a0\u00bb1_2,1_2&Prime; make_equal=\u00a0\u00bbon\u00a0\u00bb _builder_version=\u00a0\u00bb4.25.2&Prime; _module_preset=\u00a0\u00bbdefault\u00a0\u00bb global_colors_info=\u00a0\u00bb{}\u00a0\u00bb][et_pb_column type=\u00a0\u00bb1_2&Prime; _builder_version=\u00a0\u00bb4.25.2&Prime; _module_preset=\u00a0\u00bbe7070a75-2196-44a0-84da-46523610ed74&Prime; global_colors_info=\u00a0\u00bb{}\u00a0\u00bb][et_pb_heading title=\u00a0\u00bbL&rsquo;offre socle de services\u00a0\u00bb _builder_version=\u00a0\u00bb4.27.7&Prime; _module_preset=\u00a0\u00bb8a41d237-8ba9-4c41-bc0a-6a487634ede9&Prime; title_text_color=\u00a0\u00bbgcid-1f1b4e15-7cc6-4e13-8154-74d77a956460&Prime; title_font_size=\u00a0\u00bb50px\u00a0\u00bb custom_margin=\u00a0\u00bb||10px||false|false\u00a0\u00bb global_colors_info=\u00a0\u00bb{%22gcid-1f1b4e15-7cc6-4e13-8154-74d77a956460%22:%91%22title_text_color%22%93}\u00a0\u00bb][\/et_pb_heading][et_pb_text _builder_version=\u00a0\u00bb4.27.7&Prime; _module_preset=\u00a0\u00bbdadf7fa4-4bdc-4feb-a038-093a95e25a22&Prime; link_option_url_new_window=\u00a0\u00bbon\u00a0\u00bb global_colors_info=\u00a0\u00bb{}\u00a0\u00bb]<\/p>\n<ul>\n<li>Le suivi individuel de l&rsquo;\u00e9tat de sant\u00e9 des salari\u00e9s<\/li>\n<li>La pr\u00e9vention des risques professionnels<\/li>\n<li>La pr\u00e9vention de la d\u00e9sinsertion professionnelle<\/li>\n<\/ul>\n<p>&nbsp;<\/p>\n<p>[\/et_pb_text][et_pb_button button_url=\u00a0\u00bbhttps:\/\/www.cevena.fr\/wp-content\/uploads\/2026\/06\/Loffre-socle-de-services-1.pdf\u00a0\u00bb url_new_window=\u00a0\u00bbon\u00a0\u00bb button_text=\u00a0\u00bbL&rsquo;offre socle de services\u00a0\u00bb button_alignment=\u00a0\u00bbcenter\u00a0\u00bb _builder_version=\u00a0\u00bb4.27.7&Prime; _module_preset=\u00a0\u00bbb3c500d2-d3cf-4b00-b560-30446d7459a5&Prime; custom_css_main_element=\u00a0\u00bbwidth: 100%\u00a0\u00bb global_colors_info=\u00a0\u00bb{}\u00a0\u00bb][\/et_pb_button][\/et_pb_column][et_pb_column type=\u00a0\u00bb1_2&Prime; _builder_version=\u00a0\u00bb4.25.2&Prime; _module_preset=\u00a0\u00bb0912e0d8-3f99-47f1-be9e-7340a560bb6d\u00a0\u00bb global_colors_info=\u00a0\u00bb{%22gcid-4c79ba3d-a281-4fb6-9b14-02f9a4c793f2%22:%91%22background_color%22%93}\u00a0\u00bb][et_pb_heading title=\u00a0\u00bbL&rsquo;offre sp\u00e9cifique de services\u00a0\u00bb url=\u00a0\u00bbhttps:\/\/www.cevena.fr\/wp-content\/uploads\/2026\/07\/Offre-specifique-de-services-1.pdf\u00a0\u00bb url_new_window=\u00a0\u00bbon\u00a0\u00bb _builder_version=\u00a0\u00bb4.27.7&Prime; _module_preset=\u00a0\u00bb8a41d237-8ba9-4c41-bc0a-6a487634ede9&Prime; title_text_color=\u00a0\u00bb#FFFFFF\u00a0\u00bb title_font_size=\u00a0\u00bb44px\u00a0\u00bb custom_margin=\u00a0\u00bb||10px||false|false\u00a0\u00bb global_colors_info=\u00a0\u00bb{}\u00a0\u00bb][\/et_pb_heading][et_pb_text _builder_version=\u00a0\u00bb4.27.7&Prime; _module_preset=\u00a0\u00bbd85b6f4a-cae6-46de-b416-c042b7406b3e\u00a0\u00bb custom_margin=\u00a0\u00bb||11px|||\u00a0\u00bb link_option_url_new_window=\u00a0\u00bbon\u00a0\u00bb global_colors_info=\u00a0\u00bb{}\u00a0\u00bb]<\/p>\n<ul>\n<li>Suivi individuel en centre mobile (camion) ou dans un local<\/li>\n<li>Suivi des salari\u00e9s dans les locaux de l\u2019entreprise (de l\u2019adh\u00e9rent)<\/li>\n<li>Suivi de sant\u00e9 des travailleurs ind\u00e9pendants<\/li>\n<li>Suivi de sant\u00e9 des dirigeants<\/li>\n<li>Suivi de sant\u00e9 des travailleurs saisonniers<\/li>\n<\/ul>\n<p>[\/et_pb_text][et_pb_button button_url=\u00a0\u00bbhttps:\/\/www.cevena.fr\/wp-content\/uploads\/2026\/07\/Offre-specifique-de-services.pdf\u00a0\u00bb url_new_window=\u00a0\u00bbon\u00a0\u00bb button_text=\u00a0\u00bbL&rsquo;offre sp\u00e9cifique de services\u00a0\u00bb button_alignment=\u00a0\u00bbcenter\u00a0\u00bb _builder_version=\u00a0\u00bb4.27.7&Prime; _module_preset=\u00a0\u00bbb3c500d2-d3cf-4b00-b560-30446d7459a5&Prime; custom_margin=\u00a0\u00bb0px||0px||false|false\u00a0\u00bb custom_css_main_element=\u00a0\u00bbwidth: 100%\u00a0\u00bb global_colors_info=\u00a0\u00bb{}\u00a0\u00bb][\/et_pb_button][\/et_pb_column][\/et_pb_row][\/et_pb_section]<\/p>\n","protected":false},"excerpt":{"rendered":"<p>Nos offres de services Le suivi individuel de l&rsquo;\u00e9tat de sant\u00e9 des salari\u00e9s La pr\u00e9vention des risques professionnels La pr\u00e9vention de la d\u00e9sinsertion professionnelle &nbsp; Suivi individuel en centre mobile (camion) ou dans un local Suivi des salari\u00e9s dans les locaux de l\u2019entreprise (de l\u2019adh\u00e9rent) Suivi de sant\u00e9 des travailleurs ind\u00e9pendants Suivi de sant\u00e9 des [&hellip;]<\/p>\n","protected":false},"author":1,"featured_media":0,"parent":0,"menu_order":0,"comment_status":"closed","ping_status":"closed","template":"","meta":{"_et_pb_use_builder":"on","_et_pb_old_content":"","_et_gb_content_width":"","footnotes":""},"class_list":["post-5863","page","type-page","status-publish","hentry"],"_links":{"self":[{"href":"https:\/\/www.cevena.fr\/index.php\/wp-json\/wp\/v2\/pages\/5863","targetHints":{"allow":["GET"]}}],"collection":[{"href":"https:\/\/www.cevena.fr\/index.php\/wp-json\/wp\/v2\/pages"}],"about":[{"href":"https:\/\/www.cevena.fr\/index.php\/wp-json\/wp\/v2\/types\/page"}],"author":[{"embeddable":true,"href":"https:\/\/www.cevena.fr\/index.php\/wp-json\/wp\/v2\/users\/1"}],"replies":[{"embeddable":true,"href":"https:\/\/www.cevena.fr\/index.php\/wp-json\/wp\/v2\/comments?post=5863"}],"version-history":[{"count":10,"href":"https:\/\/www.cevena.fr\/index.php\/wp-json\/wp\/v2\/pages\/5863\/revisions"}],"predecessor-version":[{"id":6171,"href":"https:\/\/www.cevena.fr\/index.php\/wp-json\/wp\/v2\/pages\/5863\/revisions\/6171"}],"wp:attachment":[{"href":"https:\/\/www.cevena.fr\/index.php\/wp-json\/wp\/v2\/media?parent=5863"}],"curies":[{"name":"wp","href":"https:\/\/api.w.org\/{rel}","templated":true}]}}

<p>[et_pb_section fb_built= »1&Prime; _builder_version= »4.27.7&Prime; _module_preset= »default » background_image= »https://www.cevena.fr/wp-content/uploads/2026/07/Nos-offres-de-services.png » custom_margin= »||0px||false|false » custom_padding= »5px||||false|false » hover_enabled= »0&Prime; global_colors_info= »{} » min_height= »402px » sticky_enabled= »0&Prime;][et_pb_row _builder_version= »4.27.7&Prime; _module_preset= »default » min_height= »36.2px » custom_margin= »115px|auto|0px|auto|false|false » custom_padding= »0px||||| » hover_enabled= »0&Prime; global_colors_info= »{} » sticky_enabled= »0&Prime;][et_pb_column type= »4_4&Prime; _builder_version= »4.25.1&Prime; _module_preset= »default » global_colors_info= »{} »][et_pb_heading _builder_version= »4.27.7&Prime; _module_preset= »d89200ae-11a2-4156-9e04-2617e0c4e61e » title_text_align= »center » title_text_color= »#474747&Prime; title_font_size= »51px » title_letter_spacing= »7px » background_color= »rgba(255,255,255,0.73) » max_width= »59% » custom_margin= »||10px||false|false » global_colors_info= »{} »][/et_pb_heading][et_pb_text _builder_version= »4.27.7&Prime; _module_preset= »default » text_font= »Urbanist|600||||||| » text_font_size= »36px » text_letter_spacing= »6px » text_line_height= »1.3em » background_color= »rgba(255,255,255,0.76) » text_orientation= »center » max_width= »100% » module_alignment= »center » hover_enabled= »0&Prime; global_colors_info= »{} » custom_margin= »0px||||false|false » custom_padding= »4px||6px||false|false » sticky_enabled= »0&Prime;]</p>
<p>Nos offres de services</p>
<p>[/et_pb_text][/et_pb_column][/et_pb_row][/et_pb_section][et_pb_section fb_built= »1&Prime; admin_label= »Header » _builder_version= »4.27.7&Prime; _module_preset= »a3d005bd-e6dc-4dfc-8ce2-069719a5eaee » background_color= »#88C4DD » background_color_gradient_stops= »gcid-d119accd-44d7-4f2f-b9d7-599c8463324b 0%|rgba(255,255,255,0) 84%|rgba(7,33,48,0.6) 100%|#072130 100% » background_image= »https://www.cevena.fr/wp-content/uploads/2026/07/non-profit-03.jpg » min_height= »716.5px » collapsed= »on » global_colors_info= »{%22gcid-1f1bf5fb-a99d-4acc-8d9e-ddac074c158c%22:%91%22background_color_gradient_stops%22,%22background_color_gradient_stops%22%93,%22gcid-4c79ba3d-a281-4fb6-9b14-02f9a4c793f2%22:%91%22background_color_gradient_stops%22,%22background_color_gradient_stops%22%93,%22gcid-688c464a-d6f2-4296-b592-395352c71c79%22:%91%22background_color_gradient_stops%22,%22background_color_gradient_stops%22%93,%22gcid-d119accd-44d7-4f2f-b9d7-599c8463324b%22:%91%22background_color_gradient_stops%22,%22background_color_gradient_stops%22%93} »][et_pb_row column_structure= »1_2,1_2&Prime; make_equal= »on » _builder_version= »4.25.2&Prime; _module_preset= »default » global_colors_info= »{} »][et_pb_column type= »1_2&Prime; _builder_version= »4.25.2&Prime; _module_preset= »e7070a75-2196-44a0-84da-46523610ed74&Prime; global_colors_info= »{} »][et_pb_heading title= »L&rsquo;offre socle de services » _builder_version= »4.27.7&Prime; _module_preset= »8a41d237-8ba9-4c41-bc0a-6a487634ede9&Prime; title_text_color= »gcid-1f1b4e15-7cc6-4e13-8154-74d77a956460&Prime; title_font_size= »50px » custom_margin= »||10px||false|false » global_colors_info= »{%22gcid-1f1b4e15-7cc6-4e13-8154-74d77a956460%22:%91%22title_text_color%22%93} »][/et_pb_heading][et_pb_text _builder_version= »4.27.7&Prime; _module_preset= »dadf7fa4-4bdc-4feb-a038-093a95e25a22&Prime; link_option_url_new_window= »on » global_colors_info= »{} »]</p>
<ul>
<li>Le suivi individuel de l&rsquo;état de santé des salariés</li>
<li>La prévention des risques professionnels</li>
<li>La prévention de la désinsertion professionnelle</li>
</ul>
<p>&nbsp;</p>
<p>[/et_pb_text][et_pb_button button_url= »https://www.cevena.fr/wp-content/uploads/2026/06/Loffre-socle-de-services-1.pdf » url_new_window= »on » button_text= »L&rsquo;offre socle de services » button_alignment= »center » _builder_version= »4.27.7&Prime; _module_preset= »b3c500d2-d3cf-4b00-b560-30446d7459a5&Prime; custom_css_main_element= »width: 100% » global_colors_info= »{} »][/et_pb_button][/et_pb_column][et_pb_column type= »1_2&Prime; _builder_version= »4.25.2&Prime; _module_preset= »0912e0d8-3f99-47f1-be9e-7340a560bb6d » global_colors_info= »{%22gcid-4c79ba3d-a281-4fb6-9b14-02f9a4c793f2%22:%91%22background_color%22%93} »][et_pb_heading title= »L&rsquo;offre spécifique de services » url= »https://www.cevena.fr/wp-content/uploads/2026/07/Offre-specifique-de-services-1.pdf » url_new_window= »on » _builder_version= »4.27.7&Prime; _module_preset= »8a41d237-8ba9-4c41-bc0a-6a487634ede9&Prime; title_text_color= »#FFFFFF » title_font_size= »44px » custom_margin= »||10px||false|false » global_colors_info= »{} »][/et_pb_heading][et_pb_text _builder_version= »4.27.7&Prime; _module_preset= »d85b6f4a-cae6-46de-b416-c042b7406b3e » custom_margin= »||11px||| » link_option_url_new_window= »on » global_colors_info= »{} »]</p>
<ul>
<li>Suivi individuel en centre mobile (camion) ou dans un local</li>
<li>Suivi des salariés dans les locaux de l’entreprise (de l’adhérent)</li>
<li>Suivi de santé des travailleurs indépendants</li>
<li>Suivi de santé des dirigeants</li>
<li>Suivi de santé des travailleurs saisonniers</li>
</ul>
<p>[/et_pb_text][et_pb_button button_url= »https://www.cevena.fr/wp-content/uploads/2026/07/Offre-specifique-de-services.pdf » url_new_window= »on » button_text= »L&rsquo;offre spécifique de services » button_alignment= »center » _builder_version= »4.27.7&Prime; _module_preset= »b3c500d2-d3cf-4b00-b560-30446d7459a5&Prime; custom_margin= »0px||0px||false|false » custom_css_main_element= »width: 100% » global_colors_info= »{} »][/et_pb_button][/et_pb_column][/et_pb_row][/et_pb_section]</p>

<p>Nos offres de services Le suivi individuel de l&rsquo;état de santé des salariés La prévention des risques professionnels La prévention de la désinsertion professionnelle &nbsp; Suivi individuel en centre mobile (camion) ou dans un local Suivi des salariés dans les locaux de l’entreprise (de l’adhérent) Suivi de santé des travailleurs indépendants Suivi de santé des [&hellip;]</p>
